43)/((-172)/28152)?
9
Let i(r) = 397*r + 2647. What is the hundreds digit of i(-6)?
2
Suppose -l + 68155 - 15436 = n, 4*n = -2*l + 105442. What is the ten thousands digit of l?
5
Suppose 5*j - 3353 = 2*d, -2*j - 10564 = 5*d - 2254. Let u = d - -2687. What is the tens digit of u?
2
Suppose 117739 = 20*p + 17392 - 121733. What is the hundreds digit of p?
1
Let v(h) = 43*h**3 + 18*h**2 + 34*h - 282. What is the tens digit of v(8)?
5
Let q be 3/(-57)*-2 - (-220)/76. Suppose -z + 3*z - 749 = -g, -3*g = -q*z + 1101. What is the hundreds digit of z?
3
Suppose -3*a - 173 = -185. Suppose -3*n + a*b + 880 = 0, -7 - 588 = -2*n + b. What is the tens digit of n?
0
Suppose 4*n = p + 549 + 14, 5*p + 4*n = -2839. Let s = 229 - p. What is the tens digit of s?
9
Suppose -198*x + 734915 + 1143415 + 3803280 = 0. What is the units digit of x?
5
Let o = -83 + -17. Let z = o + 112. What is the units digit of 3*(1 - (-80)/z)?
3
Let t(z) be the first derivative of -56*z**3/3 + 4*z**2 - 10*z + 18. Let a be t(4). What is the tens digit of a/(-10) + (-32)/80?
8
Let x = -11092 - -15837. What is the hundreds digit of x?
7
Let l(g) = 555*g - 1884. What is the units digit of l(30)?
6
Let p(h) be the third derivative of 7*h**4/24 - 2*h**3 + 12*h**2 - 6*h. What is the tens digit of p(5)?
2
Suppose -27 = 25*o - 34*o. What is the hundreds digit of ((-28)/(-16))/(o/192)?
1
Let q be 5/(35/(-14)) - -4. Suppose -2*d - 2*d + 1539 = -5*x, 0 = -d - q*x + 401. What is the tens digit of d?
9
Let p(z) = 2*z**2 + 5*z - 7. Let j = -35 + 29. Let u be 34/j + (-2)/6. What is the tens digit of p(u)?
3
Let x = -8 + 6. Let g(f) be the first derivative of -9*f**2/2 - 11*f + 2751. What is the units digit of g(x)?
7
Let l(g) = 629*g**2 + 31*g + 3. What is the tens digit of l(3)?
5
What is the units digit of 3/(15/9*-3 + 26563/5312)?
2
Suppose 6*w = 137*w - 941366. What is the tens digit of w?
8
Let q = 237 + -201. What is the thousands digit of (9120/q + -12)/(1/6)?
1
Let z be 0 + -1 + -15 + -13. Let r be (32/(-10))/((-1)/10). Let j = r - z. What is the units digit of j?
1
Suppose 344039 = 154*k - 795099. What is the units digit of k?
7
Suppose -2*s - 21*s + 355964 - 95443 = 0. What is the tens digit of s?
2
Suppose 4*w - 24749 - 135 = 0. What is the units digit of w?
1
Let f be (-165)/(-11) + -14 + 2. Let c(o) = -o**3 - 3*o**2 + 2. Let v be c(-3). Suppose 76 = v*x - 2*b, -f*b - 196 = -0*x - 5*x. What is the units digit of x?
1
Suppose 10621*m - 64685 = 10604*m. What is the tens digit of m?
0
Let r = 7909 - 2005. What is the tens digit of r?
0
Let y be (-9)/9 + 6 - (0 - 1355). Let m = y - 713. What is the hundreds digit of m?
6
Let b = 110 - 100. Suppose 15*a - 12550 = -b*a. What is the hundreds digit of a?
5
Let n(h) = -433*h**3 + 9*h**2 + 53*h + 174. What is the tens digit of n(-4)?
1
Let b = 1721 - 3085. Let g = -26 - b. What is the hundreds digit of g?
3
Suppose 11*c - 14*c - 669 = -3*u, 1114 = 5*u - 4*c. Suppose 0 = 2*t - u + 1554. What is the tens digit of 20/(-6)*(6 - t/(-15))?
2
Suppose 2*z = 5*j - 23, 10*z = -j + 11*z + 7. Suppose 0*t = t - 5*g + 1, t - j*g - 5 = 0. What is the tens digit of t?
1
What is the units digit of (105/9 + -11)/((-4)/(-5286))?
1
Suppose -2*k - 103392 = -5*j, 4*j - 2*k + 27486 = 110200. What is the ten thousands digit of j?
2
What is the thousands digit of (-2)/4*(-34 - 23692)?
1
Suppose 1793 = 40*y + 553. Suppose y*p - 8*p = 34891. What is the thousands digit of p?
1
Let w(x) = 2*x + 24 + 34 - 16. Let s be w(10). Suppose -s = 2*d - 3*d. What is the units digit of d?
2
Let y be 0/(-5) + 26 + -3. Suppose -5*c + y*c - 5058 = 0. What is the tens digit of c?
8
Let n be (-1*(-2 + 1))/((-1)/(-18)). Let f = n - -13. Let k = f - 9. What is the units digit of k?
2
Let i(r) = -4*r - 191. Let v be i(-49). What is the tens digit of 3 - (-576 + -4 + v)?
7
Let a(n) = -51*n - 2. Let h be a(-4). Let g = 21 + h. What is the hundreds digit of g?
2
Let p = 3 - -2. Suppose 3*u + 64 = 70. Suppose -w = p*h - 772, -u*w + 149 = h - 0*w. What is the tens digit of h?
5
Let c be (-92)/230*5/2. What is the units digit of -4 - c/(4/520)?
6
Let o(n) = 4*n**3 + 10*n**2 - 11*n - 18. Let f(x) = -x**3 + x + 1. Let w(l) = -6*f(l) - o(l). Let d be (12 - 2) + (-16)/4. What is the units digit of w(d)?
4
Let t(l) = -5482 + 26*l + 3*l**2 + 5512 + 20*l. What is the hundreds digit of t(-22)?
4
Let o = 11164 + -7436. What is the thousands digit of o?
3
Let u(d) = d - 11. Let j be u(14). Suppose 0*k + 60 = j*w + 5*k, w - 5*k = 0. What is the tens digit of (-4 + -1)/w + (-40)/(-3)?
1
Suppose 3*h + 81 = -0*h. Let x = -805 - -814. What is the units digit of (x/h)/(1/(-489))?
3
Let f(u) = 740*u**3 + 4*u**2 + 3*u - 5. What is the hundreds digit of f(1)?
7
Suppose 0 = y - 5*r + 375, 0 = 10*y - 7*y + 5*r + 1085. Let g = 625 + y. What is the tens digit of g?
6
Let i(j) be the first derivative of 11/3*j**3 + 15*j - 1/4*j**4 - j**2 + 21. What is the hundreds digit of i(5)?
1
Let p be (273/2)/((-3)/6). Let q = -73 - p. What is the units digit of q?
0
Let r(b) be the third derivative of b**5/10 + 5*b**4/24 + b**3/6 + 10*b**2. Suppose -4*w = 22 - 6. What is the units digit of r(w)?
7
Let v(z) = 10*z - 40. Let w be v(17). Suppose -3*o = -o - 5*g - w, 0 = 2*o + g - 106. What is the tens digit of (598/4)/(o/(-10) - -6)?
9
Let w be (32/(-80))/(51/(-25) + 2). What is the tens digit of 206*4 + (-60)/w + 9?
2
Suppose y - 6*y = -j - 24, -2*j = -y + 12. Let n be j/(-18) + 20/(-9). What is the tens digit of 197 + n/6*(-2 - 10)?
0
Let b(r) be the first derivative of r**5/40 + 8*r**3/3 + 17. Let o(s) be the third derivative of b(s). What is the units digit of o(19)?
7
Let o be -212 - -220 - (13/4 + 1/(-4)). Let a(r) = -7 - 2*r - 3*r + r**2 + 6*r**2. What is the units digit of a(o)?
3
Let c(f) = -2519*f + 2227. What is the thousands digit of c(-3)?
9
Let z(k) = -19*k - 4. Let f be z(-4). Let n(w) = -2*w - 58. Let r be n(-30). Let o = f - r. What is the units digit of o?
0
Let m(c) = -6*c. Let h be m(1). Let v be (3 - 12) + 9 + -1. What is the units digit of v/((6/17)/h)?
7
Let d = 72178 + -26828. What is the units digit of d?
0
Let u(c) = 21*c - 6. Let i(m) = -4*m + 1. Let l(f) = 11*i(f) + 2*u(f). Let p(y) = -y - 2. Let x(t) = -5*l(t) + 6*p(t). What is the units digit of x(2)?
1
Let g = 53139 + -34191. What is the units digit of g?
8
Let c(j) = 1221*j**3 + j**2 - j - 1. Let g be c(1). Suppose -58 = 2*k - g. What is the units digit of k?
1
Let t = 2393 + -4773. Let n = -1655 - t. What is the hundreds digit of n?
7
Suppose -114292 = -5*c + 39*j - 42*j, -3*c + 4*j + 68610 = 0. What is the units digit of c?
2
Let y = 7832 + -4607. What is the tens digit of y?
2
Let w(g) = g**3 - 11*g**2 + 4*g + 27. Let f be w(11). Let a = f + 84. Suppose 3*v + 0*q - q = 115, 4*v - q = a. What is the units digit of v?
0
Let i = -1 + 232. Suppose -467 = -i*k + 230*k. What is the hundreds digit of k?
4
Let g(u) = 50*u**2 - 349*u - 2356. What is the units digit of g(-7)?
7
Suppose -42*k + 12897 = -39*k. Suppose 5*l - k = 2116. What is the tens digit of l?
8
Let y(k) = -5*k**2 - 7*k - 12. Let r be y(-3). Let o = -179 - -119. Let q = r - o. What is the units digit of q?
4
Suppose -27*i + 29*i + m = 11323, 0 = 5*m + 25. What is the units digit of i?
4
Let u(d) = 275*d - 831. What is the thousands digit of u(28)?
6
Let y(a) = -2*a**2 + 8*a + 1. Let x be y(3). Suppose -15 - 20 = -x*p. Suppose -2*b + p*c + 266 = 3*c, -b + 2*c = -138. What is the units digit of b?
8
Suppose -20*z + 12*z + 592710 = 61*z. What is the tens digit of z?
9
Suppose -3020 = -3*r - 3*t + t, 5*r - 5025 = -5*t. Suppose 5*l - r = 8*k - 11*k, -l = 4*k - 219. What is the units digit of l?
9
Let i = -2958 + 3245. Suppose 25 = -0*w + 5*w. Suppose -45 = -4*k + v + i, -v - 415 = -w*k. What is the tens digit of k?
8
Suppose 5*s - 4*j - 45792 = 0, 0 = 4*s + 4*j - 6*j - 36636. What is the hundreds digit of s?
1
Let y(r) = 91*r + 37. Let o be y(-1). Let z(p) = 6*p**2 - 5*p - 4. Let n be z(6). Let m = o + n. What is the tens digit of m?
2
Suppose 9*c - 13783 = 2*j, -48*c - 4*j = -45*c - 4585. What is the hundreds digit of c?
5
Let d = 20224 - 13674. What is the hundreds digit of d?
5
Suppose 0 = -2*c, 3*x + 6*c = c + 13122. Suppose 2*f - 1901 = -3*u + 2482, -f - x = -3*u. Suppose 16*s - 2941 = u. Wha